{"id":464,"date":"2021-08-11T22:06:46","date_gmt":"2021-08-11T22:06:46","guid":{"rendered":"https:\/\/ozelplakahizmetleri34.com\/?page_id=464"},"modified":"2022-02-11T11:23:48","modified_gmt":"2022-02-11T11:23:48","slug":"blog","status":"publish","type":"page","link":"https:\/\/ozelplakahizmetleri34.com\/?page_id=464","title":{"rendered":"Blog"},"content":{"rendered":"\t\t<div data-elementor-type=\"wp-page\" data-elementor-id=\"464\" class=\"elementor elementor-464\" data-elementor-settings=\"[]\">\n\t\t\t\t\t\t<div class=\"elementor-inner\">\n\t\t\t\t\t\t\t<div class=\"elementor-section-wrap\">\n\t\t\t\t\t\t\t<section class=\"elementor-section elementor-top-section elementor-element elementor-element-2acad1b9 elementor-section-boxed elementor-section-height-default elementor-section-height-default\" data-id=\"2acad1b9\" data-element_type=\"section\">\n\t\t\t\t\t\t<div class=\"elementor-container elementor-column-gap-default\">\n\t\t\t\t\t\t\t<div class=\"elementor-row\">\n\t\t\t\t\t<div class=\"elementor-column elementor-col-100 elementor-top-column elementor-element elementor-element-5c38122e\" data-id=\"5c38122e\" data-element_type=\"column\">\n\t\t\t<div class=\"elementor-column-wrap elementor-element-populated\">\n\t\t\t\t\t\t\t<div class=\"elementor-widget-wrap\">\n\t\t\t\t\t\t<div class=\"elementor-element elementor-element-64e96075 elementor-widget elementor-widget-text-editor\" data-id=\"64e96075\" data-element_type=\"widget\" data-widget_type=\"text-editor.default\">\n\t\t\t\t<div class=\"elementor-widget-container\">\n\t\t\t\t\t<div class=\"elementor-text-editor elementor-clearfix\"><!-- wp:html \/--><\/div>\n\t\t\t\t<\/div>\n\t\t\t\t<\/div>\n\t\t\t\t\t\t<\/div>\n\t\t\t\t\t<\/div>\n\t\t<\/div>\n\t\t\t\t\t\t\t\t<\/div>\n\t\t\t\t\t<\/div>\n\t\t<\/section>\n\t\t\t\t<section class=\"elementor-section elementor-top-section elementor-element elementor-element-90d4417 elementor-section-boxed elementor-section-height-default elementor-section-height-default\" data-id=\"90d4417\" data-element_type=\"section\">\n\t\t\t\t\t\t<div class=\"elementor-container elementor-column-gap-default\">\n\t\t\t\t\t\t\t<div class=\"elementor-row\">\n\t\t\t\t\t<div class=\"elementor-column elementor-col-100 elementor-top-column elementor-element elementor-element-6fe2315\" data-id=\"6fe2315\" data-element_type=\"column\">\n\t\t\t<div class=\"elementor-column-wrap elementor-element-populated\">\n\t\t\t\t\t\t\t<div class=\"elementor-widget-wrap\">\n\t\t\t\t\t\t<div class=\"elementor-element elementor-element-7738df1 elementor-widget elementor-widget-heading\" data-id=\"7738df1\" data-element_type=\"widget\" data-widget_type=\"heading.default\">\n\t\t\t\t<div class=\"elementor-widget-container\">\n\t\t\t<h2 class=\"elementor-heading-title elementor-size-default\">Blog Haberlerimiz<\/h2>\t\t<\/div>\n\t\t\t\t<\/div>\n\t\t\t\t\t\t<\/div>\n\t\t\t\t\t<\/div>\n\t\t<\/div>\n\t\t\t\t\t\t\t\t<\/div>\n\t\t\t\t\t<\/div>\n\t\t<\/section>\n\t\t\t\t<section class=\"elementor-section elementor-top-section elementor-element elementor-element-4c0c5a9 elementor-section-boxed elementor-section-height-default elementor-section-height-default\" data-id=\"4c0c5a9\" data-element_type=\"section\">\n\t\t\t\t\t\t<div class=\"elementor-container elementor-column-gap-default\">\n\t\t\t\t\t\t\t<div class=\"elementor-row\">\n\t\t\t\t\t<div class=\"elementor-column elementor-col-100 elementor-top-column elementor-element elementor-element-0247e39\" data-id=\"0247e39\" data-element_type=\"column\">\n\t\t\t<div class=\"elementor-column-wrap elementor-element-populated\">\n\t\t\t\t\t\t\t<div class=\"elementor-widget-wrap\">\n\t\t\t\t\t\t<div class=\"elementor-element elementor-element-bbc30de elementor-grid-3 elementor-grid-tablet-2 elementor-grid-mobile-1 elementor-posts--thumbnail-top elementor-card-shadow-yes elementor-posts__hover-gradient elementor-widget elementor-widget-posts\" data-id=\"bbc30de\" data-element_type=\"widget\" data-settings=\"{&quot;cards_columns&quot;:&quot;3&quot;,&quot;cards_columns_tablet&quot;:&quot;2&quot;,&quot;cards_columns_mobile&quot;:&quot;1&quot;,&quot;cards_row_gap&quot;:{&quot;unit&quot;:&quot;px&quot;,&quot;size&quot;:35,&quot;sizes&quot;:[]}}\" data-widget_type=\"posts.cards\">\n\t\t\t\t<div class=\"elementor-widget-container\">\n\t\t\t\t\t<div class=\"elementor-posts-container elementor-posts elementor-posts--skin-cards elementor-grid\">\n\t\t\t\t<article class=\"elementor-post elementor-grid-item post-1099 post type-post status-publish format-standard hentry category-haber tag-ozel-plaka tag-ozel-plaka-bilgi tag-ozel-plaka-fiyat tag-ozel-plaka-fiyatlari tag-ozel-plaka-islemi tag-ozel-plaka-nasil-alinir tag-ozel-plaka-nereden-alinir tag-ozel-plaka-sorgu tag-ozel-plaka-sorgu-fiyat tag-ozel-plaka-sorgula tag-ozel-plaka-sorgusu tag-ozelplaka tag-plaka-sorgu\">\n\t\t\t<div class=\"elementor-post__card\">\n\t\t\t\t<div class=\"elementor-post__text\">\n\t\t\t\t<h3 class=\"elementor-post__title\">\n\t\t\t<a href=\"https:\/\/ozelplakahizmetleri34.com\/?p=1099\" >\n\t\t\t\t\u00d6zel Plaka Neden Bu Kadar Pop\u00fcler Oldu? 2025\u2019in Yeni Trend Ara\u00e7 Ki\u015fiselle\u015ftirme Ak\u0131m\u0131\t\t\t<\/a>\n\t\t<\/h3>\n\t\t\t\t<div class=\"elementor-post__excerpt\">\n\t\t\t<p>Son y\u0131llarda ara\u00e7 sahiplerinin en \u00e7ok tercih etti\u011fi ki\u015fiselle\u015ftirme y\u00f6ntemlerinden biri \u00f6zel plaka kullanmak oldu. Sosyal medyan\u0131n etkisi, ki\u015fisel markala\u015fma merak\u0131 ve ara\u00e7lar\u0131n art\u0131k \u201ckimlik\u201d<\/p>\n\t\t<\/div>\n\t\t\t\t\t<a class=\"elementor-post__read-more\" href=\"https:\/\/ozelplakahizmetleri34.com\/?p=1099\" >\n\t\t\t\tDevam\u0131n\u0131 Oku\t\t\t<\/a>\n\t\t\t\t<\/div>\n\t\t\t\t<div class=\"elementor-post__meta-data\">\n\t\t\t\t\t<span class=\"elementor-post-date\">\n\t\t\tAral\u0131k 6, 2025\t\t<\/span>\n\t\t\t\t<span class=\"elementor-post-avatar\">\n\t\t\tYorum yap\u0131lmam\u0131\u015f\t\t<\/span>\n\t\t\t\t<\/div>\n\t\t\t\t\t<\/div>\n\t\t<\/article>\n\t\t\t\t<article class=\"elementor-post elementor-grid-item post-1097 post type-post status-publish format-standard hentry category-haber tag-ozel-plaka tag-ozel-plaka-fiyat tag-ozel-plaka-fiyatlari tag-ozel-plaka-islemi tag-ozel-plaka-nasil-alinir tag-ozel-plaka-nereden-alinir tag-ozel-plaka-sorgu tag-ozel-plaka-sorgula tag-ozel-plakam tag-ozelplaka tag-plaka-sorgu\">\n\t\t\t<div class=\"elementor-post__card\">\n\t\t\t\t<div class=\"elementor-post__text\">\n\t\t\t\t<h3 class=\"elementor-post__title\">\n\t\t\t<a href=\"https:\/\/ozelplakahizmetleri34.com\/?p=1097\" >\n\t\t\t\t\u00d6zel Plakada Harf Kombinasyonu Nas\u0131l Se\u00e7ilir? En Do\u011fru Kombinasyonu Belirlemenin Alt\u0131n Kurallar\u0131\t\t\t<\/a>\n\t\t<\/h3>\n\t\t\t\t<div class=\"elementor-post__excerpt\">\n\t\t\t<p>\u00d6zel plaka almak isteyenlerin en \u00e7ok d\u00fc\u015f\u00fcnd\u00fc\u011f\u00fc konulardan biri, hangi harf kombinasyonunu se\u00e7meleri gerekti\u011fidir. \u00c7\u00fcnk\u00fc plaka \u00fczerindeki harfler arac\u0131n karakterini belirler, ki\u015fisel bir kimlik yarat\u0131r<\/p>\n\t\t<\/div>\n\t\t\t\t\t<a class=\"elementor-post__read-more\" href=\"https:\/\/ozelplakahizmetleri34.com\/?p=1097\" >\n\t\t\t\tDevam\u0131n\u0131 Oku\t\t\t<\/a>\n\t\t\t\t<\/div>\n\t\t\t\t<div class=\"elementor-post__meta-data\">\n\t\t\t\t\t<span class=\"elementor-post-date\">\n\t\t\tAral\u0131k 5, 2025\t\t<\/span>\n\t\t\t\t<span class=\"elementor-post-avatar\">\n\t\t\tYorum yap\u0131lmam\u0131\u015f\t\t<\/span>\n\t\t\t\t<\/div>\n\t\t\t\t\t<\/div>\n\t\t<\/article>\n\t\t\t\t<article class=\"elementor-post elementor-grid-item post-1095 post type-post status-publish format-standard hentry category-haber tag-araclar tag-ozel-plaka tag-ozel-plaka-fiyatlari tag-ozel-plaka-islemi tag-ozel-plaka-islemleri tag-ozel-plaka-istanbul tag-ozel-plaka-nasil-alinir tag-ozel-plaka-nereden-alinir tag-ozel-plaka-sorgu-2 tag-ozel-plaka-sorgu tag-ozel-plaka-sorgula tag-ozel-plakci tag-ozelplaka-2 tag-ozelplaka tag-ozelplakalar tag-plaka-sorgu\">\n\t\t\t<div class=\"elementor-post__card\">\n\t\t\t\t<div class=\"elementor-post__text\">\n\t\t\t\t<h3 class=\"elementor-post__title\">\n\t\t\t<a href=\"https:\/\/ozelplakahizmetleri34.com\/?p=1095\" >\n\t\t\t\t\u00d6zel Plaka Sorgulama Nas\u0131l Yap\u0131l\u0131r? Bo\u015fta m\u0131 Dolu mu Nas\u0131l \u00d6\u011frenebilirsiniz?\t\t\t<\/a>\n\t\t<\/h3>\n\t\t\t\t<div class=\"elementor-post__excerpt\">\n\t\t\t<p>\u00d6zel plaka almak isteyenlerin kar\u015f\u0131la\u015ft\u0131\u011f\u0131 en b\u00fcy\u00fck sorunlardan biri, almak istedikleri plakan\u0131n bo\u015fta m\u0131 dolu mu oldu\u011funu bilmemeleridir. \u00c7\u00fcnk\u00fc sistemde bir plakan\u0131n daha \u00f6nce kullan\u0131l\u0131p<\/p>\n\t\t<\/div>\n\t\t\t\t\t<a class=\"elementor-post__read-more\" href=\"https:\/\/ozelplakahizmetleri34.com\/?p=1095\" >\n\t\t\t\tDevam\u0131n\u0131 Oku\t\t\t<\/a>\n\t\t\t\t<\/div>\n\t\t\t\t<div class=\"elementor-post__meta-data\">\n\t\t\t\t\t<span class=\"elementor-post-date\">\n\t\t\tAral\u0131k 5, 2025\t\t<\/span>\n\t\t\t\t<span class=\"elementor-post-avatar\">\n\t\t\tYorum yap\u0131lmam\u0131\u015f\t\t<\/span>\n\t\t\t\t<\/div>\n\t\t\t\t\t<\/div>\n\t\t<\/article>\n\t\t\t\t<article class=\"elementor-post elementor-grid-item post-1093 post type-post status-publish format-standard hentry category-haber tag-egm-ozel-plaka tag-istanbul-ozel-plaka tag-ozel-plaka tag-ozel-plaka-fiyat tag-ozel-plaka-fiyatlari tag-ozel-plaka-islemi tag-ozel-plaka-nasil-alinir tag-ozel-plaka-nereden-alinir tag-ozel-plaka-sorgu tag-ozel-plaka-sorgula tag-ozel-plakalar tag-ozelplaka tag-plaka-sorgu tag-plakaci tag-ysf-plaka tag-yus-plaka\">\n\t\t\t<div class=\"elementor-post__card\">\n\t\t\t\t<div class=\"elementor-post__text\">\n\t\t\t\t<h3 class=\"elementor-post__title\">\n\t\t\t<a href=\"https:\/\/ozelplakahizmetleri34.com\/?p=1093\" >\n\t\t\t\t\u00d6zel Plaka Kullanman\u0131n Ara\u00e7 Sat\u0131\u015f De\u011ferine Etkisi: Ger\u00e7ekten Daha Fazla M\u0131 Kazand\u0131r\u0131yor?\t\t\t<\/a>\n\t\t<\/h3>\n\t\t\t\t<div class=\"elementor-post__excerpt\">\n\t\t\t<p>\u00d6zel plaka sahibi olmak bir\u00e7ok ki\u015fi i\u00e7in bir zevk, bir prestij ve ki\u015fisel tercih meselesidir. Ancak i\u015f ara\u00e7 sat\u0131\u015f\u0131na geldi\u011finde ak\u0131llarda tek bir soru belirir:<\/p>\n\t\t<\/div>\n\t\t\t\t\t<a class=\"elementor-post__read-more\" href=\"https:\/\/ozelplakahizmetleri34.com\/?p=1093\" >\n\t\t\t\tDevam\u0131n\u0131 Oku\t\t\t<\/a>\n\t\t\t\t<\/div>\n\t\t\t\t<div class=\"elementor-post__meta-data\">\n\t\t\t\t\t<span class=\"elementor-post-date\">\n\t\t\tAral\u0131k 5, 2025\t\t<\/span>\n\t\t\t\t<span class=\"elementor-post-avatar\">\n\t\t\tYorum yap\u0131lmam\u0131\u015f\t\t<\/span>\n\t\t\t\t<\/div>\n\t\t\t\t\t<\/div>\n\t\t<\/article>\n\t\t\t\t<article class=\"elementor-post elementor-grid-item post-1089 post type-post status-publish format-standard hentry category-haber tag-egm-ozel-plaka tag-istanbul-ozel-plaka tag-ozel-plaka tag-ozel-plaka-2 tag-ozel-plaka-islemi tag-ozel-plaka-nasil-alinir tag-ozel-plaka-nereden-alinir tag-ozel-plaka-sorgu tag-ozel-plaka-sorgula tag-ozel-plakaci tag-ozel-plakalar tag-ozelplaka tag-plaka-fiyat tag-plaka-sorgu\">\n\t\t\t<div class=\"elementor-post__card\">\n\t\t\t\t<div class=\"elementor-post__text\">\n\t\t\t\t<h3 class=\"elementor-post__title\">\n\t\t\t<a href=\"https:\/\/ozelplakahizmetleri34.com\/?p=1089\" >\n\t\t\t\tBo\u015fa D\u00fc\u015fen \u00d6zel Plakan\u0131z\u0131 Tekrar Nas\u0131l Alabilirsiniz? Do\u011fru Zamanlama ve S\u00fcrecin Y\u00f6netimi\t\t\t<\/a>\n\t\t<\/h3>\n\t\t\t\t<div class=\"elementor-post__excerpt\">\n\t\t\t<p>\u00d6zel plaka sahibi olup arac\u0131n\u0131 satan ki\u015filerin en \u00e7ok merak etti\u011fi konu, plakan\u0131n sat\u0131c\u0131ya nas\u0131l geri d\u00f6nebilece\u011fidir. Asl\u0131nda s\u00fcre\u00e7 g\u00f6r\u00fcnd\u00fc\u011f\u00fcnden \u00e7ok daha basittir; yeter ki<\/p>\n\t\t<\/div>\n\t\t\t\t\t<a class=\"elementor-post__read-more\" href=\"https:\/\/ozelplakahizmetleri34.com\/?p=1089\" >\n\t\t\t\tDevam\u0131n\u0131 Oku\t\t\t<\/a>\n\t\t\t\t<\/div>\n\t\t\t\t<div class=\"elementor-post__meta-data\">\n\t\t\t\t\t<span class=\"elementor-post-date\">\n\t\t\tAral\u0131k 5, 2025\t\t<\/span>\n\t\t\t\t<span class=\"elementor-post-avatar\">\n\t\t\tYorum yap\u0131lmam\u0131\u015f\t\t<\/span>\n\t\t\t\t<\/div>\n\t\t\t\t\t<\/div>\n\t\t<\/article>\n\t\t\t\t<article class=\"elementor-post elementor-grid-item post-1086 post type-post status-publish format-standard hentry category-haber tag-egm-ozel-plaka tag-noter-ozel-plaka tag-ozel-plaka tag-ozel-plaka-ankara tag-ozel-plaka-fiyat tag-ozel-plaka-islemi tag-ozel-plaka-istanbul tag-ozel-plaka-nasil-alinir tag-ozel-plaka-nereden-alinir tag-ozel-plaka-sorgu tag-ozel-plaka-sorgula tag-ozel-plaka-ucreti tag-ozel-plakaci tag-ozel-plakalar tag-ozelplaka tag-plaka-sorgu\">\n\t\t\t<div class=\"elementor-post__card\">\n\t\t\t\t<div class=\"elementor-post__text\">\n\t\t\t\t<h3 class=\"elementor-post__title\">\n\t\t\t<a href=\"https:\/\/ozelplakahizmetleri34.com\/?p=1086\" >\n\t\t\t\tArac\u0131n\u0131z\u0131 Satarken \u00d6zel Plaka Nas\u0131l Bo\u015fa D\u00fc\u015fer? S\u00fcrecin En Do\u011fru \u015eekilde \u0130\u015flemesi \u0130\u00e7in Bilmeniz Gerekenler\t\t\t<\/a>\n\t\t<\/h3>\n\t\t\t\t<div class=\"elementor-post__excerpt\">\n\t\t\t<p>\u00d6zel plaka sahibi olan bir\u00e7ok ki\u015finin en \u00e7ok merak etti\u011fi konu, arac\u0131n sat\u0131\u015f\u0131nda plakan\u0131n ak\u0131betidir. \u00c7\u00fcnk\u00fc \u00f6zel plaka yaln\u0131zca bir estetik detay de\u011fil; ki\u015fisel bir<\/p>\n\t\t<\/div>\n\t\t\t\t\t<a class=\"elementor-post__read-more\" href=\"https:\/\/ozelplakahizmetleri34.com\/?p=1086\" >\n\t\t\t\tDevam\u0131n\u0131 Oku\t\t\t<\/a>\n\t\t\t\t<\/div>\n\t\t\t\t<div class=\"elementor-post__meta-data\">\n\t\t\t\t\t<span class=\"elementor-post-date\">\n\t\t\tAral\u0131k 5, 2025\t\t<\/span>\n\t\t\t\t<span class=\"elementor-post-avatar\">\n\t\t\tYorum yap\u0131lmam\u0131\u015f\t\t<\/span>\n\t\t\t\t<\/div>\n\t\t\t\t\t<\/div>\n\t\t<\/article>\n\t\t\t\t<\/div>\n\t\t\t\t<\/div>\n\t\t\t\t<\/div>\n\t\t\t\t\t\t<\/div>\n\t\t\t\t\t<\/div>\n\t\t<\/div>\n\t\t\t\t\t\t\t\t<\/div>\n\t\t\t\t\t<\/div>\n\t\t<\/section>\n\t\t\t\t\t\t<\/div>\n\t\t\t\t\t\t<\/div>\n\t\t\t\t\t<\/div>\n\t\t","protected":false},"excerpt":{"rendered":"<p>Blog Haberlerimiz<\/p>\n","protected":false},"author":1,"featured_media":0,"parent":0,"menu_order":0,"comment_status":"closed","ping_status":"closed","template":"","meta":{"footnotes":""},"class_list":["post-464","page","type-page","status-publish","hentry"],"_links":{"self":[{"href":"https:\/\/ozelplakahizmetleri34.com\/index.php?rest_route=\/wp\/v2\/pages\/464","targetHints":{"allow":["GET"]}}],"collection":[{"href":"https:\/\/ozelplakahizmetleri34.com\/index.php?rest_route=\/wp\/v2\/pages"}],"about":[{"href":"https:\/\/ozelplakahizmetleri34.com\/index.php?rest_route=\/wp\/v2\/types\/page"}],"author":[{"embeddable":true,"href":"https:\/\/ozelplakahizmetleri34.com\/index.php?rest_route=\/wp\/v2\/users\/1"}],"replies":[{"embeddable":true,"href":"https:\/\/ozelplakahizmetleri34.com\/index.php?rest_route=%2Fwp%2Fv2%2Fcomments&post=464"}],"version-history":[{"count":7,"href":"https:\/\/ozelplakahizmetleri34.com\/index.php?rest_route=\/wp\/v2\/pages\/464\/revisions"}],"predecessor-version":[{"id":498,"href":"https:\/\/ozelplakahizmetleri34.com\/index.php?rest_route=\/wp\/v2\/pages\/464\/revisions\/498"}],"wp:attachment":[{"href":"https:\/\/ozelplakahizmetleri34.com\/index.php?rest_route=%2Fwp%2Fv2%2Fmedia&parent=464"}],"curies":[{"name":"wp","href":"https:\/\/api.w.org\/{rel}","templated":true}]}}